{"id":1671,"date":"2023-08-05T10:28:25","date_gmt":"2023-08-05T09:28:25","guid":{"rendered":"https:\/\/ouzlimbio.net\/?post_type=product&#038;p=1671"},"modified":"2025-05-01T21:52:22","modified_gmt":"2025-05-01T20:52:22","slug":"miel-eucalyptus","status":"publish","type":"product","link":"https:\/\/ouzlimbio.net\/index.php\/produit\/miel-eucalyptus\/","title":{"rendered":"Miel eucalyptus \u0639\u0633\u0644 \u0627\u0644\u0643\u0627\u0644\u064a\u0628\u062a\u0648\u0633"},"content":{"rendered":"<p>Le miel d&#8217;eucalyptus est un miel parfum\u00e9 et riche en ar\u00f4mes, produit \u00e0 partir des fleurs de l&#8217;arbre d&#8217;eucalyptus. Il se distingue par sa couleur allant du dor\u00e9 au brun fonc\u00e9 et son go\u00fbt intense avec des notes bois\u00e9es et l\u00e9g\u00e8rement menthol\u00e9es. Sa texture est g\u00e9n\u00e9ralement \u00e9paisse, et il est appr\u00e9ci\u00e9 pour ses nombreuses vertus m\u00e9dicinales, notamment pour les voies respiratoires. Ce miel est largement utilis\u00e9 en m\u00e9decine traditionnelle et en cuisine.<br \/>\nOUZLIMBO<br \/>\nMIEL D&#8217;EUCALYPTUS<br \/>\n\u0639\u0633\u0644 \u0627\u0644\u0643\u0627\u0644\u0628\u064a\u0646\u0648\u0633<br \/>\nB<br \/>\n\u0639\u0633\u0644 \u0627\u0644\u0623\u0648\u0643\u0627\u0644\u0628\u062a\u0648\u0633 \u0647\u0648 \u0639\u0633\u0644 \u0639\u0637\u0631\u064a \u0648\u063a\u0646\u064a \u0628\u0627\u0644\u0646\u0643\u0647\u0627\u062a \u064a\u0633\u062a\u062e\u0631\u062c \u0645\u0646 \u0623\u0632\u0647\u0627\u0631 \u0634\u062c\u0631\u0629 \u0627\u0644\u0623\u0648\u0643\u0627\u0644\u0628\u062a\u0648\u0633. \u064a\u062a\u0645\u064a\u0632 \u0628\u0644\u0648\u0646\u0647 \u0627\u0644\u0630\u064a \u064a\u062a\u0631\u0627\u0648\u062d \u0628\u064a\u0646 \u0627\u0644\u0630\u0647\u0628\u064a \u0648\u0627\u0644\u0628\u0646\u064a \u0627\u0644\u062f\u0627\u0643\u0646 \u0648\u0637\u0639\u0645\u0647 \u0627\u0644\u0642\u0648\u064a \u0645\u0639 \u0644\u0645\u0633\u0627\u062a \u062e\u0634\u0628\u064a\u0629 \u0648\u0646\u0643\u0647\u0629 \u062e\u0641\u064a\u0641\u0629 \u0645\u0646 \u0627\u0644\u0646\u0639\u0646\u0627\u0639. \u0642\u0648\u0627\u0645\u0647 \u063a\u0627\u0644\u0628\u0627 \u0643\u062b\u064a\u0641\u060c \u0648\u064a\u0642\u062f\u0651\u0631 \u0644\u0641\u0648\u0627\u0626\u062f\u0647 \u0627\u0644\u0635\u062d\u064a\u0629 \u0627\u0644\u0639\u062f\u064a\u062f\u0629. \u062e\u0635\u0648\u0635\u064b\u0627 \u0641\u064a\u0645\u0627 \u064a\u062a\u0639\u0644\u0642 \u0628\u0635\u062d\u0629 \u0627\u0644\u062c\u0647\u0627\u0632 \u0627\u0644\u062a\u0646\u0641\u0633\u064a. \u064a\u0633\u062a\u062e\u062f\u0645 \u0639\u0633\u0644 \u0627\u0644\u0623\u0648\u0643\u0627\u0644\u0628\u062a\u0648\u0633 \u0639\u0644\u0649 \u0646\u0637\u0627\u0642 \u0648\u0627\u0633\u0639 \u0641\u064a \u0627\u0644\u0637\u0628 \u0627\u0644\u062a\u0642\u0644\u064a\u062f\u064a \u0648\u0627\u0644\u0645\u0637\u0628\u062e<\/p>\n","protected":false},"excerpt":{"rendered":"<p>Le miel d&#8217;eucalyptus est un miel parfum\u00e9 et riche en ar\u00f4mes, produit \u00e0 partir des fleurs de l&#8217;arbre d&#8217;eucalyptus. Il se distingue par sa couleur allant du dor\u00e9 au brun fonc\u00e9 et son go\u00fbt intense avec des notes bois\u00e9es et l\u00e9g\u00e8rement menthol\u00e9es. Sa texture est g\u00e9n\u00e9ralement \u00e9paisse, et il est appr\u00e9ci\u00e9 pour ses nombreuses vertus m\u00e9dicinales, notamment pour les voies respiratoires. Ce miel est largement utilis\u00e9 en m\u00e9decine traditionnelle et en cuisine. OUZLIMBO MIEL D&#8217;EUCALYPTUS \u0639\u0633\u0644 \u0627\u0644\u0643\u0627\u0644\u0628\u064a\u0646\u0648\u0633 B \u0639\u0633\u0644 \u0627\u0644\u0623\u0648\u0643\u0627\u0644\u0628\u062a\u0648\u0633 \u0647\u0648 \u0639\u0633\u0644 \u0639\u0637\u0631\u064a \u0648\u063a\u0646\u064a \u0628\u0627\u0644\u0646\u0643\u0647\u0627\u062a \u064a\u0633\u062a\u062e\u0631\u062c \u0645\u0646 \u0623\u0632\u0647\u0627\u0631 \u0634\u062c\u0631\u0629 \u0627\u0644\u0623\u0648\u0643\u0627\u0644\u0628\u062a\u0648\u0633. \u064a\u062a\u0645\u064a\u0632 \u0628\u0644\u0648\u0646\u0647 \u0627\u0644\u0630\u064a \u064a\u062a\u0631\u0627\u0648\u062d \u0628\u064a\u0646 \u0627\u0644\u0630\u0647\u0628\u064a \u0648\u0627\u0644\u0628\u0646\u064a \u0627\u0644\u062f\u0627\u0643\u0646 \u0648\u0637\u0639\u0645\u0647 \u0627\u0644\u0642\u0648\u064a\u2026<\/p>\n","protected":false},"featured_media":2203,"comment_status":"open","ping_status":"closed","template":"","meta":{"om_disable_all_campaigns":false,"_mi_skip_tracking":false,"_monsterinsights_sitenote_active":false,"_monsterinsights_sitenote_note":"","_monsterinsights_sitenote_category":0},"product_cat":[55,59,46],"product_tag":[],"class_list":["post-1671","product","type-product","status-publish","has-post-thumbnail","hentry","product_cat-alimentaires","product_cat-miel","product_cat-tout"],"aioseo_notices":[],"_links":{"self":[{"href":"https:\/\/ouzlimbio.net\/index.php\/wp-json\/wp\/v2\/product\/1671","targetHints":{"allow":["GET"]}}],"collection":[{"href":"https:\/\/ouzlimbio.net\/index.php\/wp-json\/wp\/v2\/product"}],"about":[{"href":"https:\/\/ouzlimbio.net\/index.php\/wp-json\/wp\/v2\/types\/product"}],"replies":[{"embeddable":true,"href":"https:\/\/ouzlimbio.net\/index.php\/wp-json\/wp\/v2\/comments?post=1671"}],"wp:featuredmedia":[{"embeddable":true,"href":"https:\/\/ouzlimbio.net\/index.php\/wp-json\/wp\/v2\/media\/2203"}],"wp:attachment":[{"href":"https:\/\/ouzlimbio.net\/index.php\/wp-json\/wp\/v2\/media?parent=1671"}],"wp:term":[{"taxonomy":"product_cat","embeddable":true,"href":"https:\/\/ouzlimbio.net\/index.php\/wp-json\/wp\/v2\/product_cat?post=1671"},{"taxonomy":"product_tag","embeddable":true,"href":"https:\/\/ouzlimbio.net\/index.php\/wp-json\/wp\/v2\/product_tag?post=1671"}],"curies":[{"name":"wp","href":"https:\/\/api.w.org\/{rel}","templated":true}]}}