{"id":1697,"date":"2023-08-07T09:28:06","date_gmt":"2023-08-07T08:28:06","guid":{"rendered":"https:\/\/ouzlimbio.net\/?post_type=product&#038;p=1697"},"modified":"2025-05-01T21:52:22","modified_gmt":"2025-05-01T20:52:22","slug":"miel-dherbes","status":"publish","type":"product","link":"https:\/\/ouzlimbio.net\/index.php\/produit\/miel-dherbes\/","title":{"rendered":"Miel d&#8217;herbes  \u0639\u0633\u0644 \u0627\u0644\u0623\u0639\u0634\u0627\u0628"},"content":{"rendered":"<p>Le miel aux herbes est un produit naturel et aromatique extrait du nectar de plantes m\u00e9dicinales telles que le romarin, le thym et d&#8217;autres herbes m\u00e9dicinales. Ce miel se distingue par son go\u00fbt riche et complexe et son ar\u00f4me doux et aromatique. Sa couleur va de l&#8217;or clair \u00e0 l&#8217;ambre fonc\u00e9 selon le type de fleurs dominantes. Le miel aux herbes est connu pour ses nombreux bienfaits th\u00e9rapeutiques, ce qui en fait un choix id\u00e9al pour soutenir la sant\u00e9.<br \/>\nAnti-inflammatoire<br \/>\n\u0639\u0633\u0644 \u0627\u0644\u0623\u0639\u0634\u0627\u0628 \u0647\u0648 \u0645\u0646\u062a\u062c \u0637\u0628\u064a\u0639\u064a \u0648\u0639\u0637\u0631\u064a \u0645\u0633\u062a\u062e\u0644\u0635 \u0645\u0646 \u0631\u062d\u064a\u0642 \u0627\u0644\u0646\u0628\u0627\u062a\u0627\u062a \u0627\u0644\u0639\u0634\u0628\u064a\u0629 \u0645\u062b\u0644 \u0625\u0643\u0644\u064a\u0644 \u0627\u0644\u062c\u0628\u0644\u060c \u0627\u0644\u0632\u0639\u062a\u0631 \u0648\u063a\u064a\u0631\u0647\u0627 \u0645\u0646 \u0627\u0644\u0623\u0639\u0634\u0627\u0628 \u0627\u0644\u0637\u0628\u064a\u0629. \u064a\u062a\u0645\u064a\u0632 \u0647\u0630\u0627 \u0627\u0644\u0639\u0633\u0644 \u0628\u0645\u0630\u0627\u0642\u0647 \u0627\u0644\u063a\u0646\u0649 \u0648\u0627\u0644\u0645\u0639\u0642\u062f \u0648\u0631\u0627\u0626\u062d\u062a\u0647 \u0627\u0644\u0632\u0643\u064a\u0629 \u0648\u0627\u0644\u0639\u0637\u0631\u064a\u0629. \u064a\u062a\u0631\u0627\u0648\u062d \u0644\u0648\u0646\u0647 \u0628\u064a\u0646 \u0627\u0644\u0630\u0647\u0628\u064a \u0627\u0644\u0641\u0627\u062a\u062d \u0648\u0627\u0644\u0643\u0647\u0631\u0645\u0627\u0626\u064a \u0627\u0644\u062f\u0627\u0643\u0646 \u062d\u0633\u0628 \u0646\u0648\u0639 \u0627\u0644\u0632\u0647\u0648\u0631 \u0627\u0644\u0645\u0633\u064a\u0637\u0631\u0629. \u064a\u0639\u0631\u0641 \u0639\u0633\u0644 \u0627\u0644\u0623\u0639\u0634\u0627\u0628 \u0628\u0641\u0648\u0627\u0626\u062f\u0647 \u0627\u0644\u0639\u0644\u0627\u062c\u064a\u0629 \u0627\u0644\u0645\u062a\u0639\u062f\u062f\u0629\u060c \u0645\u0645\u0627 \u064a\u062c\u0639\u0644\u0647 \u062e\u064a\u0627\u0631\u064b\u0627 \u0645\u062b\u0627\u0644\u064a\u0627 \u0644\u062f\u0639\u0645 \u0627\u0644\u0635\u062d\u0629<\/p>\n","protected":false},"excerpt":{"rendered":"<p>Le miel aux herbes est un produit naturel et aromatique extrait du nectar de plantes m\u00e9dicinales telles que le romarin, le thym et d&#8217;autres herbes m\u00e9dicinales. Ce miel se distingue par son go\u00fbt riche et complexe et son ar\u00f4me doux et aromatique. Sa couleur va de l&#8217;or clair \u00e0 l&#8217;ambre fonc\u00e9 selon le type de fleurs dominantes. Le miel aux herbes est connu pour ses nombreux bienfaits th\u00e9rapeutiques, ce qui en fait un choix id\u00e9al pour soutenir la sant\u00e9. Anti-inflammatoire \u0639\u0633\u0644 \u0627\u0644\u0623\u0639\u0634\u0627\u0628 \u0647\u0648 \u0645\u0646\u062a\u062c \u0637\u0628\u064a\u0639\u064a \u0648\u0639\u0637\u0631\u064a \u0645\u0633\u062a\u062e\u0644\u0635 \u0645\u0646 \u0631\u062d\u064a\u0642 \u0627\u0644\u0646\u0628\u0627\u062a\u0627\u062a \u0627\u0644\u0639\u0634\u0628\u064a\u0629 \u0645\u062b\u0644 \u0625\u0643\u0644\u064a\u0644 \u0627\u0644\u062c\u0628\u0644\u060c \u0627\u0644\u0632\u0639\u062a\u0631 \u0648\u063a\u064a\u0631\u0647\u0627 \u0645\u0646 \u0627\u0644\u0623\u0639\u0634\u0627\u0628 \u0627\u0644\u0637\u0628\u064a\u0629. \u064a\u062a\u0645\u064a\u0632\u2026<\/p>\n","protected":false},"featured_media":2197,"comment_status":"open","ping_status":"closed","template":"","meta":{"om_disable_all_campaigns":false,"_mi_skip_tracking":false,"_monsterinsights_sitenote_active":false,"_monsterinsights_sitenote_note":"","_monsterinsights_sitenote_category":0},"product_cat":[55,59,46],"product_tag":[],"class_list":["post-1697","product","type-product","status-publish","has-post-thumbnail","hentry","product_cat-alimentaires","product_cat-miel","product_cat-tout"],"aioseo_notices":[],"_links":{"self":[{"href":"https:\/\/ouzlimbio.net\/index.php\/wp-json\/wp\/v2\/product\/1697","targetHints":{"allow":["GET"]}}],"collection":[{"href":"https:\/\/ouzlimbio.net\/index.php\/wp-json\/wp\/v2\/product"}],"about":[{"href":"https:\/\/ouzlimbio.net\/index.php\/wp-json\/wp\/v2\/types\/product"}],"replies":[{"embeddable":true,"href":"https:\/\/ouzlimbio.net\/index.php\/wp-json\/wp\/v2\/comments?post=1697"}],"wp:featuredmedia":[{"embeddable":true,"href":"https:\/\/ouzlimbio.net\/index.php\/wp-json\/wp\/v2\/media\/2197"}],"wp:attachment":[{"href":"https:\/\/ouzlimbio.net\/index.php\/wp-json\/wp\/v2\/media?parent=1697"}],"wp:term":[{"taxonomy":"product_cat","embeddable":true,"href":"https:\/\/ouzlimbio.net\/index.php\/wp-json\/wp\/v2\/product_cat?post=1697"},{"taxonomy":"product_tag","embeddable":true,"href":"https:\/\/ouzlimbio.net\/index.php\/wp-json\/wp\/v2\/product_tag?post=1697"}],"curies":[{"name":"wp","href":"https:\/\/api.w.org\/{rel}","templated":true}]}}