{"id":1703,"date":"2023-08-07T09:41:36","date_gmt":"2023-08-07T08:41:36","guid":{"rendered":"https:\/\/ouzlimbio.net\/?post_type=product&#038;p=1703"},"modified":"2025-05-01T21:52:21","modified_gmt":"2025-05-01T20:52:21","slug":"miel-de-fenouil-1kg","status":"publish","type":"product","link":"https:\/\/ouzlimbio.net\/index.php\/produit\/miel-de-fenouil-1kg\/","title":{"rendered":"Miel de fenouil 1kg \u0639\u0633\u0644 \u0627\u0644\u0646\u0627\u0641\u0639"},"content":{"rendered":"<p>Miel de Fenouil est une v\u00e9ritable \u0153uvre d&#8217;art de la nature. Issu des fleurs de fenouil soigneusement s\u00e9lectionn\u00e9es, chaque goutte est une explosion de saveurs douces et apaisantes. Sa texture soyeuse et sa couleur dor\u00e9e sont le t\u00e9moignage de la puret\u00e9 et de la qualit\u00e9 exceptionnelle de ce tr\u00e9sor dor\u00e9<\/p>\n","protected":false},"excerpt":{"rendered":"<p>Miel de Fenouil est une v\u00e9ritable \u0153uvre d&#8217;art de la nature. Issu des fleurs de fenouil soigneusement s\u00e9lectionn\u00e9es, chaque goutte est une explosion de saveurs douces et apaisantes. Sa texture soyeuse et sa couleur dor\u00e9e sont le t\u00e9moignage de la puret\u00e9 et de la qualit\u00e9 exceptionnelle de ce tr\u00e9sor dor\u00e9<\/p>\n","protected":false},"featured_media":1972,"comment_status":"open","ping_status":"closed","template":"","meta":{"om_disable_all_campaigns":false,"_mi_skip_tracking":false,"_monsterinsights_sitenote_active":false,"_monsterinsights_sitenote_note":"","_monsterinsights_sitenote_category":0},"product_cat":[55,59,46],"product_tag":[],"class_list":["post-1703","product","type-product","status-publish","has-post-thumbnail","hentry","product_cat-alimentaires","product_cat-miel","product_cat-tout"],"aioseo_notices":[],"_links":{"self":[{"href":"https:\/\/ouzlimbio.net\/index.php\/wp-json\/wp\/v2\/product\/1703","targetHints":{"allow":["GET"]}}],"collection":[{"href":"https:\/\/ouzlimbio.net\/index.php\/wp-json\/wp\/v2\/product"}],"about":[{"href":"https:\/\/ouzlimbio.net\/index.php\/wp-json\/wp\/v2\/types\/product"}],"replies":[{"embeddable":true,"href":"https:\/\/ouzlimbio.net\/index.php\/wp-json\/wp\/v2\/comments?post=1703"}],"wp:featuredmedia":[{"embeddable":true,"href":"https:\/\/ouzlimbio.net\/index.php\/wp-json\/wp\/v2\/media\/1972"}],"wp:attachment":[{"href":"https:\/\/ouzlimbio.net\/index.php\/wp-json\/wp\/v2\/media?parent=1703"}],"wp:term":[{"taxonomy":"product_cat","embeddable":true,"href":"https:\/\/ouzlimbio.net\/index.php\/wp-json\/wp\/v2\/product_cat?post=1703"},{"taxonomy":"product_tag","embeddable":true,"href":"https:\/\/ouzlimbio.net\/index.php\/wp-json\/wp\/v2\/product_tag?post=1703"}],"curies":[{"name":"wp","href":"https:\/\/api.w.org\/{rel}","templated":true}]}}