{"id":1725,"date":"2023-08-07T10:40:33","date_gmt":"2023-08-07T09:40:33","guid":{"rendered":"https:\/\/ouzlimbio.net\/?post_type=product&#038;p=1725"},"modified":"2025-05-01T21:52:21","modified_gmt":"2025-05-01T20:52:21","slug":"miel-dorigan","status":"publish","type":"product","link":"https:\/\/ouzlimbio.net\/index.php\/produit\/miel-dorigan\/","title":{"rendered":"Miel d&#8217;Origan  \u0639\u0633\u0644 \u0627\u0644\u0632\u0639\u062a\u0631"},"content":{"rendered":"<p>Le miel d&#8217;origan est un miel rare et aromatique extrait des fleurs de d&#8217;origan, plante m\u00e9dicinale connue pour ses propri\u00e9t\u00e9s curatives. Ce miel se caract\u00e9rise par sa saveur forte et distinctive, qui a tendance \u00e0 \u00eatre piquante, et sa couleur fonc\u00e9e. Ce miel est consid\u00e9r\u00e9 comme l&#8217;une des options pr\u00e9f\u00e9r\u00e9es de la m\u00e9decine naturelle gr\u00e2ce \u00e0 ses nombreux bienfaits pour la sant\u00e9.<br \/>\nAm\u00e9lioration de la m\u00e9moire et de la concentration<br \/>\n\u062a\u062d\u0633\u064a\u0646 \u0627\u0644\u0630\u0627\u0643\u0631\u0629 \u0648\u0627\u0644\u062a\u0631\u0643\u064a\u0632<br \/>\n\u0639\u0633\u0644 \u0627\u0644\u0632\u0639\u062a\u0631 \u0647\u0648 \u0639\u0633\u0644 \u0646\u0627\u062f\u0631 \u0648\u0639\u0637\u0631\u064a \u064a\u062a\u0645 \u0627\u0633\u062a\u062e\u0631\u0627\u062c\u0647 \u0645\u0646 \u0623\u0632\u0647\u0627\u0631 \u0627\u0644\u0632\u0639\u062a\u0631\u060c \u0648\u0647\u0648 \u0646\u0628\u0627\u062a \u0637\u0628\u064a \u0645\u0639\u0631\u0648\u0641 \u0628\u062e\u0635\u0627\u0626\u0635\u0647 \u0627\u0644\u0639\u0644\u0627\u062c\u064a\u0629. \u064a\u062a\u0645\u064a\u0632 \u0647\u0630\u0627 \u0627\u0644\u0639\u0633\u0644 \u0628\u0646\u0643\u0647\u062a\u0647 \u0627\u0644\u0642\u0648\u064a\u0629 \u0648\u0627\u0644\u0645\u0645\u064a\u0632\u0629 \u0627\u0644\u062a\u064a \u062a\u0645\u064a\u0644 \u0625\u0644\u0649 \u0627\u0644\u062d\u062f\u0629\u060c \u0648\u0644\u0648\u0646\u0647 \u0627\u0644\u062f\u0627\u0643\u0646. \u064a\u0639\u062a\u0628\u0631 \u0647\u0630\u0627 \u0627\u0644\u0639\u0633\u0644 \u0645\u0646 \u0627\u0644\u062e\u064a\u0627\u0631\u0627\u062a \u0627\u0644\u0645\u0641\u0636\u0644\u0629 \u0641\u064a \u0627\u0644\u0637\u0628 \u0627\u0644\u0637\u0628\u064a\u0639\u064a \u0628\u0641\u0636\u0644 \u0641\u0648\u0627\u0626\u062f\u0647 \u0627\u0644\u0635\u062d\u064a\u0629 \u0627\u0644\u0645\u062a\u0639\u062f\u062f\u0629<\/p>\n","protected":false},"excerpt":{"rendered":"<p>Le miel d&#8217;origan est un miel rare et aromatique extrait des fleurs de d&#8217;origan, plante m\u00e9dicinale connue pour ses propri\u00e9t\u00e9s curatives. Ce miel se caract\u00e9rise par sa saveur forte et distinctive, qui a tendance \u00e0 \u00eatre piquante, et sa couleur fonc\u00e9e. Ce miel est consid\u00e9r\u00e9 comme l&#8217;une des options pr\u00e9f\u00e9r\u00e9es de la m\u00e9decine naturelle gr\u00e2ce \u00e0 ses nombreux bienfaits pour la sant\u00e9. Am\u00e9lioration de la m\u00e9moire et de la concentration \u062a\u062d\u0633\u064a\u0646 \u0627\u0644\u0630\u0627\u0643\u0631\u0629 \u0648\u0627\u0644\u062a\u0631\u0643\u064a\u0632 \u0639\u0633\u0644 \u0627\u0644\u0632\u0639\u062a\u0631 \u0647\u0648 \u0639\u0633\u0644 \u0646\u0627\u062f\u0631 \u0648\u0639\u0637\u0631\u064a \u064a\u062a\u0645 \u0627\u0633\u062a\u062e\u0631\u0627\u062c\u0647 \u0645\u0646 \u0623\u0632\u0647\u0627\u0631 \u0627\u0644\u0632\u0639\u062a\u0631\u060c \u0648\u0647\u0648 \u0646\u0628\u0627\u062a \u0637\u0628\u064a \u0645\u0639\u0631\u0648\u0641 \u0628\u062e\u0635\u0627\u0626\u0635\u0647 \u0627\u0644\u0639\u0644\u0627\u062c\u064a\u0629. \u064a\u062a\u0645\u064a\u0632 \u0647\u0630\u0627 \u0627\u0644\u0639\u0633\u0644 \u0628\u0646\u0643\u0647\u062a\u0647 \u0627\u0644\u0642\u0648\u064a\u0629 \u0648\u0627\u0644\u0645\u0645\u064a\u0632\u0629 \u0627\u0644\u062a\u064a \u062a\u0645\u064a\u0644 \u0625\u0644\u0649 \u0627\u0644\u062d\u062f\u0629\u060c\u2026<\/p>\n","protected":false},"featured_media":2188,"comment_status":"open","ping_status":"closed","template":"","meta":{"om_disable_all_campaigns":false,"_mi_skip_tracking":false,"_monsterinsights_sitenote_active":false,"_monsterinsights_sitenote_note":"","_monsterinsights_sitenote_category":0},"product_cat":[55,59,46],"product_tag":[],"class_list":["post-1725","product","type-product","status-publish","has-post-thumbnail","hentry","product_cat-alimentaires","product_cat-miel","product_cat-tout"],"aioseo_notices":[],"_links":{"self":[{"href":"https:\/\/ouzlimbio.net\/index.php\/wp-json\/wp\/v2\/product\/1725","targetHints":{"allow":["GET"]}}],"collection":[{"href":"https:\/\/ouzlimbio.net\/index.php\/wp-json\/wp\/v2\/product"}],"about":[{"href":"https:\/\/ouzlimbio.net\/index.php\/wp-json\/wp\/v2\/types\/product"}],"replies":[{"embeddable":true,"href":"https:\/\/ouzlimbio.net\/index.php\/wp-json\/wp\/v2\/comments?post=1725"}],"wp:featuredmedia":[{"embeddable":true,"href":"https:\/\/ouzlimbio.net\/index.php\/wp-json\/wp\/v2\/media\/2188"}],"wp:attachment":[{"href":"https:\/\/ouzlimbio.net\/index.php\/wp-json\/wp\/v2\/media?parent=1725"}],"wp:term":[{"taxonomy":"product_cat","embeddable":true,"href":"https:\/\/ouzlimbio.net\/index.php\/wp-json\/wp\/v2\/product_cat?post=1725"},{"taxonomy":"product_tag","embeddable":true,"href":"https:\/\/ouzlimbio.net\/index.php\/wp-json\/wp\/v2\/product_tag?post=1725"}],"curies":[{"name":"wp","href":"https:\/\/api.w.org\/{rel}","templated":true}]}}