{"id":1734,"date":"2023-08-07T10:56:43","date_gmt":"2023-08-07T09:56:43","guid":{"rendered":"https:\/\/ouzlimbio.net\/?post_type=product&#038;p=1734"},"modified":"2025-05-01T21:52:21","modified_gmt":"2025-05-01T20:52:21","slug":"miel-de-caroubier","status":"publish","type":"product","link":"https:\/\/ouzlimbio.net\/index.php\/produit\/miel-de-caroubier\/","title":{"rendered":"Miel de caroubier  \u0639\u0633\u0644 \u0627\u0644\u062e\u0631\u0648\u0628"},"content":{"rendered":"<p>Le miel de caroubier est un miel rare et pr\u00e9cieux obtenu \u00e0 partir des fleurs du caroubier (Ceratonia siliqua), un arbre m\u00e9diterran\u00e9en connu pour ses gousses sucr\u00e9es et riches en nutriments. Il se distingue par une couleur sombre \u00e0 brun fonc\u00e9, un go\u00fbt prononc\u00e9 l\u00e9g\u00e8rement sucr\u00e9 avec des notes caram\u00e9lis\u00e9es et bois\u00e9es. Sa texture peut \u00eatre l\u00e9g\u00e8rement \u00e9paisse, et son ar\u00f4me est riche et caract\u00e9ristique.<br \/>\nSource d&#8217;\u00e9nergie \u0645\u0635\u062f\u0631 \u0644\u0644\u0637\u0627\u0642\u0629<br \/>\n\u0639\u0633\u0644 \u0627\u0644\u062e\u0631\u0648\u0628 \u0647\u0648 \u0639\u0633\u0644 \u0646\u0627\u062f\u0631 \u0648\u062b\u0645\u064a\u0646 \u064a\u0633\u062a\u062e\u0631\u062c \u0645\u0646 \u0623\u0632\u0647\u0627\u0631 \u0634\u062c\u0631\u0629 \u0627\u0644\u062e\u0631\u0648\u0628\u060c \u0648\u0647\u064a \u0634\u062c\u0631\u0629 \u0645\u062a\u0648\u0633\u0637\u064a\u0629 \u0645\u0639\u0631\u0648\u0641\u0629 \u0628\u0642\u0631\u0648\u0646\u0647\u0627 \u0627\u0644\u062d\u0644\u0648\u0629 \u0648\u0627\u0644\u063a\u0646\u064a\u0629 \u0628\u0627\u0644\u0645\u063a\u0630\u064a\u0627\u062a. \u064a\u062a\u0645\u064a\u0632 \u0628\u0644\u0648\u0646\u0647 \u0627\u0644\u062f\u0627\u0643\u0646 \u0625\u0644\u0649 \u0627\u0644\u0628\u0646\u064a \u0627\u0644\u063a\u0627\u0645\u0642\u060c \u0648\u0637\u0639\u0645\u0647 \u0627\u0644\u0642\u0648\u064a \u0627\u0644\u0645\u0627\u0626\u0644 \u0644\u0644\u062d\u0644\u0627\u0648\u0629 \u0645\u0639 \u0644\u0645\u0633\u0627\u062a \u0643\u0631\u0627\u0645\u064a\u0644\u064a\u0629 \u0648\u062e\u0634\u0628\u064a\u0629 \u0642\u0648\u0627\u0645\u0647 \u0642\u062f \u064a\u0643\u0648\u0646 \u0643\u062b\u064a\u0641\u0627 \u0642\u0644\u064a\u0644\u0627\u060c \u0648\u0631\u0627\u0626\u062d\u062a\u0647 \u063a\u0646\u064a\u0629 \u0648\u0645\u0645\u064a\u0632\u0629<\/p>\n","protected":false},"excerpt":{"rendered":"<p>Le miel de caroubier est un miel rare et pr\u00e9cieux obtenu \u00e0 partir des fleurs du caroubier (Ceratonia siliqua), un arbre m\u00e9diterran\u00e9en connu pour ses gousses sucr\u00e9es et riches en nutriments. Il se distingue par une couleur sombre \u00e0 brun fonc\u00e9, un go\u00fbt prononc\u00e9 l\u00e9g\u00e8rement sucr\u00e9 avec des notes caram\u00e9lis\u00e9es et bois\u00e9es. Sa texture peut \u00eatre l\u00e9g\u00e8rement \u00e9paisse, et son ar\u00f4me est riche et caract\u00e9ristique. Source d&#8217;\u00e9nergie \u0645\u0635\u062f\u0631 \u0644\u0644\u0637\u0627\u0642\u0629 \u0639\u0633\u0644 \u0627\u0644\u062e\u0631\u0648\u0628 \u0647\u0648 \u0639\u0633\u0644 \u0646\u0627\u062f\u0631 \u0648\u062b\u0645\u064a\u0646 \u064a\u0633\u062a\u062e\u0631\u062c \u0645\u0646 \u0623\u0632\u0647\u0627\u0631 \u0634\u062c\u0631\u0629 \u0627\u0644\u062e\u0631\u0648\u0628\u060c \u0648\u0647\u064a \u0634\u062c\u0631\u0629 \u0645\u062a\u0648\u0633\u0637\u064a\u0629 \u0645\u0639\u0631\u0648\u0641\u0629 \u0628\u0642\u0631\u0648\u0646\u0647\u0627 \u0627\u0644\u062d\u0644\u0648\u0629 \u0648\u0627\u0644\u063a\u0646\u064a\u0629 \u0628\u0627\u0644\u0645\u063a\u0630\u064a\u0627\u062a. \u064a\u062a\u0645\u064a\u0632 \u0628\u0644\u0648\u0646\u0647 \u0627\u0644\u062f\u0627\u0643\u0646 \u0625\u0644\u0649 \u0627\u0644\u0628\u0646\u064a \u0627\u0644\u063a\u0627\u0645\u0642\u060c \u0648\u0637\u0639\u0645\u0647 \u0627\u0644\u0642\u0648\u064a \u0627\u0644\u0645\u0627\u0626\u0644 \u0644\u0644\u062d\u0644\u0627\u0648\u0629 \u0645\u0639 \u0644\u0645\u0633\u0627\u062a\u2026<\/p>\n","protected":false},"featured_media":2179,"comment_status":"open","ping_status":"closed","template":"","meta":{"om_disable_all_campaigns":false,"_mi_skip_tracking":false,"_monsterinsights_sitenote_active":false,"_monsterinsights_sitenote_note":"","_monsterinsights_sitenote_category":0},"product_cat":[55,59,46],"product_tag":[],"class_list":["post-1734","product","type-product","status-publish","has-post-thumbnail","hentry","product_cat-alimentaires","product_cat-miel","product_cat-tout"],"aioseo_notices":[],"_links":{"self":[{"href":"https:\/\/ouzlimbio.net\/index.php\/wp-json\/wp\/v2\/product\/1734","targetHints":{"allow":["GET"]}}],"collection":[{"href":"https:\/\/ouzlimbio.net\/index.php\/wp-json\/wp\/v2\/product"}],"about":[{"href":"https:\/\/ouzlimbio.net\/index.php\/wp-json\/wp\/v2\/types\/product"}],"replies":[{"embeddable":true,"href":"https:\/\/ouzlimbio.net\/index.php\/wp-json\/wp\/v2\/comments?post=1734"}],"wp:featuredmedia":[{"embeddable":true,"href":"https:\/\/ouzlimbio.net\/index.php\/wp-json\/wp\/v2\/media\/2179"}],"wp:attachment":[{"href":"https:\/\/ouzlimbio.net\/index.php\/wp-json\/wp\/v2\/media?parent=1734"}],"wp:term":[{"taxonomy":"product_cat","embeddable":true,"href":"https:\/\/ouzlimbio.net\/index.php\/wp-json\/wp\/v2\/product_cat?post=1734"},{"taxonomy":"product_tag","embeddable":true,"href":"https:\/\/ouzlimbio.net\/index.php\/wp-json\/wp\/v2\/product_tag?post=1734"}],"curies":[{"name":"wp","href":"https:\/\/api.w.org\/{rel}","templated":true}]}}