{"id":2309,"date":"2025-04-17T14:42:36","date_gmt":"2025-04-17T13:42:36","guid":{"rendered":"https:\/\/ouzlimbio.net\/?post_type=product&#038;p=2309"},"modified":"2025-05-01T21:55:32","modified_gmt":"2025-05-01T20:55:32","slug":"beurre-de-noix-de-cajou","status":"publish","type":"product","link":"https:\/\/ouzlimbio.net\/index.php\/produit\/beurre-de-noix-de-cajou\/","title":{"rendered":"Beurre de noix de cajou"},"content":{"rendered":"<p class=\"\" data-start=\"246\" data-end=\"660\">Notre <strong>beurre de noix de cajou<\/strong> naturel au miel est une alliance simple et savoureuse : des noix de cajou soigneusement torr\u00e9fi\u00e9es, un filet de miel dor\u00e9\u2026 et rien d\u2019autre.<br data-start=\"419\" data-end=\"422\" \/>Sans additifs, sans huile de palme \u2014 uniquement le go\u00fbt pur et authentique, relev\u00e9 d\u2019une touche sucr\u00e9e 100 % naturelle.<br data-start=\"541\" data-end=\"544\" \/>Riche en prot\u00e9ines et en \u00e9nergie, il est id\u00e9al pour le petit-d\u00e9jeuner, les pauses gourmandes ou vos recettes maison.<\/p>\n","protected":false},"excerpt":{"rendered":"<p>Notre beurre de noix de cajou naturel au miel est une alliance simple et savoureuse : des noix de cajou soigneusement torr\u00e9fi\u00e9es, un filet de miel dor\u00e9\u2026 et rien d\u2019autre.Sans additifs, sans huile de palme \u2014 uniquement le go\u00fbt pur et authentique, relev\u00e9 d\u2019une touche sucr\u00e9e 100 % naturelle.Riche en prot\u00e9ines et en \u00e9nergie, il est id\u00e9al pour le petit-d\u00e9jeuner, les pauses gourmandes ou vos recettes maison.<\/p>\n","protected":false},"featured_media":2310,"comment_status":"open","ping_status":"closed","template":"","meta":{"om_disable_all_campaigns":false,"_mi_skip_tracking":false,"_monsterinsights_sitenote_active":false,"_monsterinsights_sitenote_note":"","_monsterinsights_sitenote_category":0},"product_cat":[19,55,61,46],"product_tag":[],"class_list":["post-2309","product","type-product","status-publish","has-post-thumbnail","hentry","product_cat-non-classe","product_cat-alimentaires","product_cat-beurres","product_cat-tout"],"aioseo_notices":[],"_links":{"self":[{"href":"https:\/\/ouzlimbio.net\/index.php\/wp-json\/wp\/v2\/product\/2309","targetHints":{"allow":["GET"]}}],"collection":[{"href":"https:\/\/ouzlimbio.net\/index.php\/wp-json\/wp\/v2\/product"}],"about":[{"href":"https:\/\/ouzlimbio.net\/index.php\/wp-json\/wp\/v2\/types\/product"}],"replies":[{"embeddable":true,"href":"https:\/\/ouzlimbio.net\/index.php\/wp-json\/wp\/v2\/comments?post=2309"}],"wp:featuredmedia":[{"embeddable":true,"href":"https:\/\/ouzlimbio.net\/index.php\/wp-json\/wp\/v2\/media\/2310"}],"wp:attachment":[{"href":"https:\/\/ouzlimbio.net\/index.php\/wp-json\/wp\/v2\/media?parent=2309"}],"wp:term":[{"taxonomy":"product_cat","embeddable":true,"href":"https:\/\/ouzlimbio.net\/index.php\/wp-json\/wp\/v2\/product_cat?post=2309"},{"taxonomy":"product_tag","embeddable":true,"href":"https:\/\/ouzlimbio.net\/index.php\/wp-json\/wp\/v2\/product_tag?post=2309"}],"curies":[{"name":"wp","href":"https:\/\/api.w.org\/{rel}","templated":true}]}}