{"id":2314,"date":"2025-04-17T14:51:31","date_gmt":"2025-04-17T13:51:31","guid":{"rendered":"https:\/\/ouzlimbio.net\/?post_type=product&#038;p=2314"},"modified":"2025-05-01T21:55:32","modified_gmt":"2025-05-01T20:55:32","slug":"beurre-de-cacahuete","status":"publish","type":"product","link":"https:\/\/ouzlimbio.net\/index.php\/produit\/beurre-de-cacahuete\/","title":{"rendered":"Beurre de cacahu\u00e9te"},"content":{"rendered":"<p class=\"\" data-start=\"135\" data-end=\"479\">Notre<strong> beurre de cacahu\u00e8te<\/strong> naturel au miel est un m\u00e9lange simple et savoureux : des arachides torr\u00e9fi\u00e9es, un filet de miel, et rien d\u2019autre. Sans additifs, sans huile de palme, juste le bon go\u00fbt authentique et une touche sucr\u00e9e naturelle. Riche en prot\u00e9ines et en \u00e9nergie, il est parfait pour vos petits-d\u00e9jeuners, en-cas ou recettes gourmandes.<\/p>\n<p data-start=\"135\" data-end=\"479\">\n","protected":false},"excerpt":{"rendered":"<p>Notre beurre de cacahu\u00e8te naturel au miel est un m\u00e9lange simple et savoureux : des arachides torr\u00e9fi\u00e9es, un filet de miel, et rien d\u2019autre. Sans additifs, sans huile de palme, juste le bon go\u00fbt authentique et une touche sucr\u00e9e naturelle. Riche en prot\u00e9ines et en \u00e9nergie, il est parfait pour vos petits-d\u00e9jeuners, en-cas ou recettes gourmandes.<\/p>\n","protected":false},"featured_media":2315,"comment_status":"open","ping_status":"closed","template":"","meta":{"om_disable_all_campaigns":false,"_mi_skip_tracking":false,"_monsterinsights_sitenote_active":false,"_monsterinsights_sitenote_note":"","_monsterinsights_sitenote_category":0},"product_cat":[19,55,61,46],"product_tag":[],"class_list":["post-2314","product","type-product","status-publish","has-post-thumbnail","hentry","product_cat-non-classe","product_cat-alimentaires","product_cat-beurres","product_cat-tout"],"aioseo_notices":[],"_links":{"self":[{"href":"https:\/\/ouzlimbio.net\/index.php\/wp-json\/wp\/v2\/product\/2314","targetHints":{"allow":["GET"]}}],"collection":[{"href":"https:\/\/ouzlimbio.net\/index.php\/wp-json\/wp\/v2\/product"}],"about":[{"href":"https:\/\/ouzlimbio.net\/index.php\/wp-json\/wp\/v2\/types\/product"}],"replies":[{"embeddable":true,"href":"https:\/\/ouzlimbio.net\/index.php\/wp-json\/wp\/v2\/comments?post=2314"}],"wp:featuredmedia":[{"embeddable":true,"href":"https:\/\/ouzlimbio.net\/index.php\/wp-json\/wp\/v2\/media\/2315"}],"wp:attachment":[{"href":"https:\/\/ouzlimbio.net\/index.php\/wp-json\/wp\/v2\/media?parent=2314"}],"wp:term":[{"taxonomy":"product_cat","embeddable":true,"href":"https:\/\/ouzlimbio.net\/index.php\/wp-json\/wp\/v2\/product_cat?post=2314"},{"taxonomy":"product_tag","embeddable":true,"href":"https:\/\/ouzlimbio.net\/index.php\/wp-json\/wp\/v2\/product_tag?post=2314"}],"curies":[{"name":"wp","href":"https:\/\/api.w.org\/{rel}","templated":true}]}}