{"id":2426,"date":"2025-04-25T17:04:24","date_gmt":"2025-04-25T16:04:24","guid":{"rendered":"https:\/\/ouzlimbio.net\/?post_type=product&#038;p=2426"},"modified":"2025-05-09T15:57:47","modified_gmt":"2025-05-09T14:57:47","slug":"huile-dargan-non-torrefiee-100ml","status":"publish","type":"product","link":"https:\/\/ouzlimbio.net\/index.php\/produit\/huile-dargan-non-torrefiee-100ml\/","title":{"rendered":"Huile d&#8217;Argan non torr\u00e9fi\u00e9e 100ml"},"content":{"rendered":"<p>Notre huile d&#8217;argan non torr\u00e9fi\u00e9e est une huile 100% bio, pure et naturelle. Elle est obtenue \u00e0 partir d&#8217;amandes d&#8217;argan certifi\u00e9es biologiques, garantissant qu&#8217;elle est exempte de pesticides, d&#8217;engrais chimiques et de tout autre produit synth\u00e9tique.<\/p>\n<p>Cette huile est produite selon des m\u00e9thodes respectueuses de l&#8217;environnement et des pratiques durables. Elle est press\u00e9e \u00e0 froid pour pr\u00e9server toutes ses propri\u00e9t\u00e9s b\u00e9n\u00e9fiques et son authenticit\u00e9.<\/p>\n<p>En choisissant l&#8217;huile d&#8217;argan non torr\u00e9fi\u00e9e 100% bio, vous optez pour une qualit\u00e9 sup\u00e9rieure et une puret\u00e9 totale, tout en contribuant \u00e0 pr\u00e9server la nature et \u00e0 soutenir une agriculture responsable.<\/p>\n<p>Utilisez cette huile bio en toute confiance pour nourrir votre peau, vos cheveux et vos ongles, en sachant qu&#8217;elle est issue d&#8217;une source naturelle et respectueuse de l&#8217;environnement. Faites l&#8217;exp\u00e9rience des bienfaits authentiques de cette huile d&#8217;argan bio pour une beaut\u00e9 naturelle et \u00e9thique.<\/p>\n","protected":false},"excerpt":{"rendered":"<p>Notre huile d&#8217;argan non torr\u00e9fi\u00e9e est une huile 100% bio, pure et naturelle. Elle est obtenue \u00e0 partir d&#8217;amandes d&#8217;argan certifi\u00e9es biologiques, garantissant qu&#8217;elle est exempte de pesticides, d&#8217;engrais chimiques et de tout autre produit synth\u00e9tique. Cette huile est produite selon des m\u00e9thodes respectueuses de l&#8217;environnement et des pratiques durables. Elle est press\u00e9e \u00e0 froid pour pr\u00e9server toutes ses propri\u00e9t\u00e9s b\u00e9n\u00e9fiques et son authenticit\u00e9. En choisissant l&#8217;huile d&#8217;argan non torr\u00e9fi\u00e9e 100% bio, vous optez pour une qualit\u00e9 sup\u00e9rieure et une puret\u00e9 totale, tout en contribuant \u00e0 pr\u00e9server la nature et \u00e0 soutenir une agriculture responsable. Utilisez cette huile bio en\u2026<\/p>\n","protected":false},"featured_media":2427,"comment_status":"open","ping_status":"closed","template":"","meta":{"om_disable_all_campaigns":false,"_mi_skip_tracking":false,"_monsterinsights_sitenote_active":false,"_monsterinsights_sitenote_note":"","_monsterinsights_sitenote_category":0},"product_cat":[19,54,46],"product_tag":[],"class_list":["post-2426","product","type-product","status-publish","has-post-thumbnail","hentry","product_cat-non-classe","product_cat-cosmetique","product_cat-tout"],"aioseo_notices":[],"_links":{"self":[{"href":"https:\/\/ouzlimbio.net\/index.php\/wp-json\/wp\/v2\/product\/2426","targetHints":{"allow":["GET"]}}],"collection":[{"href":"https:\/\/ouzlimbio.net\/index.php\/wp-json\/wp\/v2\/product"}],"about":[{"href":"https:\/\/ouzlimbio.net\/index.php\/wp-json\/wp\/v2\/types\/product"}],"replies":[{"embeddable":true,"href":"https:\/\/ouzlimbio.net\/index.php\/wp-json\/wp\/v2\/comments?post=2426"}],"wp:featuredmedia":[{"embeddable":true,"href":"https:\/\/ouzlimbio.net\/index.php\/wp-json\/wp\/v2\/media\/2427"}],"wp:attachment":[{"href":"https:\/\/ouzlimbio.net\/index.php\/wp-json\/wp\/v2\/media?parent=2426"}],"wp:term":[{"taxonomy":"product_cat","embeddable":true,"href":"https:\/\/ouzlimbio.net\/index.php\/wp-json\/wp\/v2\/product_cat?post=2426"},{"taxonomy":"product_tag","embeddable":true,"href":"https:\/\/ouzlimbio.net\/index.php\/wp-json\/wp\/v2\/product_tag?post=2426"}],"curies":[{"name":"wp","href":"https:\/\/api.w.org\/{rel}","templated":true}]}}